.
54
Calculate the remainder when 985 is divided by 472.
41
Calculate the remainder when 58946 is divided by 9822.
14
What is the remainder when 139265 is divided by 1339?
9
What is the remainder when 6991 is divided by 1398?
1
What is the remainder when 7984 is divided by 131?
124
Calculate the remainder when 152029 is divided by 16889.
28
Calculate the remainder when 2217 is divided by 504.
201
What is the remainder when 74069 is divided by 24685?
14
What is the remainder when 9788 is divided by 815?
8
What is the remainder when 30273 is divided by 5036?
57
Calculate the remainder when 5338 is divided by 97.
3
What is the remainder when 24718 is divided by 4818?
628
Calculate the remainder when 13690 is divided by 284.
58
Calculate the remainder when 304245 is divided by 152121.
3
Calculate the remainder when 38665 is divided by 28.
25
Calculate the remainder when 6041 is divided by 675.
641
Calculate the remainder when 52990 is divided by 303.
268
What is the remainder when 7050 is divided by 219?
42
What is the remainder when 1983414 is divided by 23?
9
Calculate the remainder when 1404501 is divided by 818.
813
Calculate the remainder when 43923 is divided by 109.
105
What is the remainder when 8811 is divided by 1100?
11
Calculate the remainder when 4778 is divided by 435.
428
What is the remainder when 5003738 is divided by 303?
299
What is the remainder when 1930 is divided by 1209?
721
Calculate the remainder when 6737 is divided by 327.
197
Calculate the remainder when 33167 is divided by 31.
28
Calculate the remainder when 799413 is divided by 1253.
1252
Calculate the remainder when 67837 is divided by 10.
7
Calculate the remainder when 300386 is divided by 17.
13
What is the remainder when 83993 is divided by 8381?
183
Calculate the remainder when 17834 is divided by 5835.
329
Calculate the remainder when 26250 is divided by 295.
290
Calculate the remainder when 210364 is divided by 187.
176
What is the remainder when 3398 is divided by 2195?
1203
Calculate the remainder when 880336 is divided by 8716.
20
What is the remainder when 3415 is divided by 754?
399
What is the remainder when 565887 is divided by 36?
3
Calculate the remainder when 670613 is divided by 17.
14
What is the remainder when 7827 is divided by 52?
27
What is the remainder when 46101 is divided by 37?
36
What is the remainder when 16543 is divided by 197?
192
What is the remainder when 1403 is divided by 700?
3
What is the remainder when 18106 is divided by 1645?
11
What is the remainder when 4535 is divided by 772?
675
What is the remainder when 405316 is divided by 14475?
16
Calculate the remainder when 30903 is divided by 234.
15
What is the remainder when 10758 is divided by 2134?
88
Calculate the remainder when 84 is divided by 24.
12
Calculate the remainder when 334578 is divided by 373.
370
What is the remainder when 119482 is divided by 39807?
61
What is the remainder when 28584 is divided by 663?
75
Calculate the remainder when 75763 is divided by 124.
123
What is the remainder when 2773 is divided by 899?
76
What is the remainder when 3746 is divided by 101?
9
What is the remainder when 2117 is divided by 151?
3
What is the remainder when 16340 is divided by 59?
56
What is the remainder when 53085 is divided by 749?
655
What is the remainder when 29844 is divided by 321?
312
Calculate the remainder when 111293 is divided by 6.
5
What is the remainder when 3607 is divided by 282?
223
What is the remainder when 82878 is divided by 259?
257
What is the remainder when 22359 is divided by 2030?
29
Calculate the remainder when 18997 is divided by 250.
247
What is the remainder when 14939 is divided by 108?
35
Calculate the remainder when 1038 is divided by 364.
310
What is the remainder when 27176 is divided by 6783?
44
What is the remainder when 4160 is divided by 199?
180
What is the remainder when 219216 is divided by 73034?
114
What is the remainder when 11097 is divided by 111?
108
Calculate the remainder when 41414 is divided by 20643.
128
Calculate the remainder when 4401 is divided by 4396.
5
What is the remainder when 2678 is divided by 330?
38
Calculate the remainder when 2705 is divided by 4.
1
Calculate the remainder when 22943 is divided by 7644.
11
What is the remainder when 14806 is divided by 52?
38
Calculate the remainder when 11324 is divided by 940.
44
What is the remainder when 8364 is divided by 2603?
555
What is the remainder when 5810 is divided by 930?
230
Calculate the remainder when 547 is divided by 203.
141
Calculate the remainder when 8278 is divided by 435.
13
What is the remainder when 6468 is divided by 6458?
10
What is the remainder when 26991 is divided by 6741?
27
What is the remainder when 104227 is divided by 130?
97
What is the remainder when 106251 is divided by 35348?
207
What is the remainder when 5411027 is divided by 111?
110
What is the remainder when 6879 is divided by 3433?
13
Calculate the remainder when 11783 is divided by 125.
33
What is the remainder when 702106 is divided by 297?
295
What is the remainder when 4884 is divided by 1621?
21
What is the remainder when 2186180 is divided by 24?
20
Calculate the remainder when 502637 is divided by 16.
13
Calculate the remainder when 12906 is divided by 206.
134
What is the remainder when 4387695 is divided by 145?
140
Calculate the remainder when 209 is divided by 35.
34
Calculate the remainder when 98494 is divided by 1758.
46
What is the remainder when 10210 is divided by 151?
93
What is the remainder when 30976 is divided by 15483?
10
What is the remainder when 3020 is divided by 983?
71
Calculate the remainder when 62576 is divided by 993.
17
What is the remainder when 8129156 is divided by 78?
74
Calculate the remainder when 11856 is divided by 3940.
36
What is the remainder when 295998 is divided by 74?
72
What is the remainder when 2682 is divided by 1328?
26
Calculate the remainder when 573910 is divided by 38260.
10
Calculate the remainder when 5499 is divided by 299.
117
What is the remainder when 358480 is divided by 15?
10
Calculate the remainder when 2293810 is divided by 29.
26
What is the remainder when 7933 is divided by 13?
3
Calculate the remainder when 14426 is divided by 1709.
754
Calculate the remainder when 220317 is divided by 56.
13
Calculate the remainder when 189717 is divided by 310.
307
Calculate the remainder when 3515 is divided by 896.
827
What is the remainder when 2819 is divided by 257?
249
What is the remainder when 145211 is divided by 1190?
31
Calculate the remainder when 1945 is divided by 295.
175
Calculate the remainder when 854411 is divided by 11.
8
What is the remainder when 79841 is divided by 47?
35
Calculate the remainder when 5864 is divided by 773.
453
Calculate the remainder when 24675 is divided by 981.
150
What is the remainder when 80218 is divided by 591?
433
Calculate the remainder when 1460 is divided by 730.
0
What is the remainder when 46805 is divided by 79?
37
What is the remainder when 2325 is divided by 745?
90
Calculate the remainder when 382259 is divided by 47781.
11
Calculate the remainder when 681873 is divided by 423.
420
What is the remainder when 1590 is divided by 611?
368
Calculate the remainder when 1771 is divided by 1037.
734
Calculate the remainder when 10772 is divided by 828.
8
Calculate the remainder when 15162 is divided by 223.
221
What is the remainder when 150103 is divided by 17?
10
Calculate the remainder when 1823 is divided by 595.
38
Calculate the remainder when 46860 is divided by 17.
8
What is the remainder when 7025 is divided by 599?
436
What is the remainder when 36804 is divided by 17?
16
What is the remainder when 69762 is divided by 323?
317
What is the remainder when 12465 is divided by 24?
9
Calculate the remainder when 5231 is divided by 187.
182
Calculate the remainder when 72688 is divided by 24222.
22
What is the remainder when 1892 is divided by 58?
36
Calculate the remainder when 10653 is divided by 10646.
7
What is the remainder when 169 is divided by 89?
80
What is the remainder when 3692 is divided by 25?
17
What is the remainder when 1022313 is divided by 215?
203
Calculate the remainder when 13319 is divided by 9.
8
What is the remainder when 4511 is div